actors of a?
2, 13
List the prime factors of (-18)/(-30) - 31564/(-10).
7, 11, 41
Suppose -33 = -5*b + 47. Suppose -11*c - 355 = -b*c. Suppose -3*t = -2*g + 18 + 51, c = 3*g + 2*t. What are the prime factors of g?
3
Let b(c) be the second derivative of -23*c**3 - 2*c**2 + 2*c. Let x be b(7). What are the prime factors of x/(-50) - 3/(-5)?
2, 5
Let t(w) = -355*w - 331. What are the prime factors of t(-6)?
7, 257
Let j(d) = 1028*d + 4. Let x be j(1). Suppose 12*c - x = 4*c. What are the prime factors of c?
3, 43
Let w(b) = -166*b + 234. What are the prime factors of w(-17)?
2, 191
Let c(f) = f**2 + 13*f - 25. Let d be c(-15). Suppose -d*o = 6*t - t - 150, -67 = -2*t + 5*o. Suppose t = 6*q - 77. List the prime factors of q.
2, 3
List the prime factors of (-2)/(-3*(-3)/(-1962)).
2, 109
Suppose 7 + 5 = 3*b, 408 = 4*v - 3*b. Suppose 0 = 2*n - 175 - v. List the prime factors of n.
2, 5, 7
Let f(t) = -t**3 - 3*t**2 - 3*t - 6. Let z be f(-3). Suppose 0 = 5*d + 5, 2*k + 4*d + 15 = z*k. List the prime factors of k.
11
Let n be 16/(-4) + 6 + -2. Suppose n = -2*q + 5*h + 31, 0 = -5*h - 20 - 5. List the prime factors of q.
3
Let i be (-38)/171 - 2073/27. Let c(v) = -4*v**2 + 2*v - 3. Let h be c(-3). Let r = h - i. What are the prime factors of r?
2
Suppose 224 = 4*x - 52. Suppose -x - 241 = -2*t. List the prime factors of t.
5, 31
Let t be 6 - (2 - 0/(-3)). Let i be (336/30)/(t/30). Suppose n + i = 5*n. List the prime factors of n.
3, 7
Suppose -502 + 80 = -l. What are the prime factors of l?
2, 211
Suppose 2*c = 5*o - 2360, 0 = -2*o - 5*c + 548 + 367. What are the prime factors of o?
2, 5, 47
Suppose -4*s + 0*s + 776 = 0. Let n = s - 107. List the prime factors of n.
3, 29
List the prime factors of (-3)/(-5) + 13279/35.
2, 5, 19
Let r be (-60)/(-3)*(-29)/(-2). Suppose -63*b + 64*b = r. List the prime factors of b.
2, 5, 29
Suppose -2*s + 0*s = -10. Suppose -a + 32 = -s*b, 3*b = -3 - 12. What are the prime factors of a?
7
Let i(l) = -l**3 - 2*l**2 + 2*l + 3. Suppose 3*n + k = -56, 3*n = -3*k + k - 58. Let d = 15 + n. List the prime factors of i(d).
2, 3
Let c(j) = 24*j**2 - 3*j - 3. Let h be c(-1). What are the prime factors of ((-976)/h)/(1/(27/(-6)))?
3, 61
Let u = -17 + 12. Let i be (-50)/(-5)*(-24)/u. Let o = i + -25. What are the prime factors of o?
23
Let m(s) = -s + 5. Let c be m(11). Let g be (-228)/(-8) + (-3)/c. Let u = -8 + g. What are the prime factors of u?
3, 7
Let y = -635 - -816. What are the prime factors of y?
181
Let d(y) be the third derivative of y**5/30 + y**4/6 - y**3/2 - 20*y**2. Suppose -5*f + 0*t = 3*t + 37, 2*f + 2 = 2*t. List the prime factors of d(f).
3
Suppose -1755 - 387 = -34*w. List the prime factors of w.
3, 7
Suppose -5*i + 1591 = 6. Suppose i = 4*k - 3. What are the prime factors of k?
2, 5
What are the prime factors of (-2)/((10/(-25))/((-32517)/(-45)))?
3613
Let g be ((-80)/(-24))/(4/6). Let z(d) = d + 1. Let v be z(2). Let m = g - v. List the prime factors of m.
2
Let g = 9 - 11. Let h be 8*g*(-2)/(-2). Let p = 12 - h. What are the prime factors of p?
2, 7
Let b(f) be the third derivative of -f**6/120 - 7*f**5/60 - f**4/24 - 4*f**3/3 + 4*f**2. Let u be b(-7). What are the prime factors of 28*10*u/(-8)?
5, 7
Let q(i) = 17*i**2 - 5*i - 19. What are the prime factors of q(-9)?
23, 61
Suppose 0*h - 6 = -2*h. Let a be (2/h)/(4/(-138)). Let v = -12 - a. List the prime factors of v.
11
Let f(t) = t + 3 + 0 - 5. Let r be f(5). Suppose -4*o = g - 26, 2*g + r*o = 5*g - 33. List the prime factors of g.
2, 7
Let c = -183 + 595. What are the prime factors of c?
2, 103
Suppose m + 5*j - 878 = 0, 5*j - 2362 = -2*m - 601. What are the prime factors of m?
883
Let u be ((-126)/(-49))/(-9) - (-4)/14. Suppose 2*g + 2*z + 25 - 177 = u, z = g - 72. What are the prime factors of g?
2, 37
Suppose r + 2 = 5. List the prime factors of r/9*-148*-3.
2, 37
List the prime factors of (34/(-5))/((-7)/280).
2, 17
Let u = -2194 + 2850. What are the prime factors of u?
2, 41
Suppose -255 = -5*x - 2*s, -2*x + 2*s = -0*s - 88. Let j = 109 - x. Suppose -3*w = w - 2*g - 184, -w + 4*g + j = 0. List the prime factors of w.
2, 11
Let t(s) = -s**2. Let o(u) = u**2 + 2*u - 16. Let m(i) = -o(i) - 3*t(i). List the prime factors of m(6).
2, 19
Suppose 29 = -c + 167. Suppose 0 = -5*k + c + 197. What are the prime factors of k?
67
Let b = -211 - -210. Let l(j) be the second derivative of -23*j**3/3 + j**2/2 + j. What are the prime factors of l(b)?
47
Suppose 6*r - 3*k = 5*r + 428, -4*k = 4*r - 1712. What are the prime factors of r?
2, 107
Let w(d) = -d + 11. Let u be w(8). Suppose -u*p + f + 41 + 65 = 0, 0 = -4*f - 4. Suppose -p = 4*j - 9*j. What are the prime factors of j?
7
Let k(t) = -6*t + 13 - 2*t + 4*t + 0. Let u be k(5). Let l(z) = -7*z - 8. What are the prime factors of l(u)?
41
Suppose g + 0 = -1, -5*w = 4*g - 16. Let k = 7 - w. Suppose 5*a = k*s - 50, 3*a = -s + a + 2. What are the prime factors of s?
2, 5
Let k(c) = -c**3 + 5*c**2 - c + 5. Let m be k(5). Let g(f) = f**2 + 53. What are the prime factors of g(m)?
53
List the prime factors of (-3)/(-1) - (-1)/((-5)/(-15)).
2, 3
Suppose 0 = b - 116 - 660. What are the prime factors of b?
2, 97
Suppose 0 = -4*z + 21 + 91. Suppose 1085 = -z*h + 35*h. List the prime factors of h.
5, 31
Suppose 4*f - 4*o - 10748 = 0, -f - o - 1800 = -4481. What are the prime factors of f?
2, 11, 61
Let a(o) = -25*o - 83. What are the prime factors of a(-21)?
2, 13, 17
Let n = 139 + -199. Let u = -32 - n. Suppose 3*k - k = u. What are the prime factors of k?
2, 7
Let z(f) = 2*f - 3. Let p be z(7). Let k(d) = 2*d + 3. Let v be k(p). Let t = v - 16. What are the prime factors of t?
3
Let h be (-8)/(-4)*1 + 73. Let c = -50 + h. Let q = c - 14. What are the prime factors of q?
11
Let z(x) = 10*x + 6. Suppose -i - 5*n = 15, -2*i - 5*n - 4 = 6. List the prime factors of z(i).
2, 7
Suppose 0 = -2*j + z + 51, -3*j + 2*j - 4*z + 48 = 0. What are the prime factors of j?
2, 7
Let l(a) = -7*a - 14. Let g be l(9). Let m = g + 284. List the prime factors of m.
3, 23
Let g(s) = s**3 - 2*s**2 - s - 3. Let b be g(3). Suppose -b*f + 74 - 14 = -2*t, -5*f - 2*t = -100. What are the prime factors of (-3)/(-12) - (-635)/f?
2
Let a(l) = 3*l**3 + 3*l + 75. List the prime factors of a(0).
3, 5
Let x(i) = -i**2 - 4*i + 8. Let u be x(-5). Suppose -u*w + 100 = -8*w + 3*h, h + 80 = -4*w. Let z = w - -29. List the prime factors of z.
3
Let k(t) = -2*t - 3. Let n be k(-9). Let u = -5 + n. Let w = 4 + u. List the prime factors of w.
2, 7
Let b = 18 - 0. Let o = b - 29. What are the prime factors of 110/o*(-12)/10?
2, 3
Let j be (-1 - (1 - 10))*5/(-10). List the prime factors of (j + 46/4)*6.
3, 5
Suppose 18*j - 64 - 8 = 0. Suppose 0 = -j*p + 665 + 391. List the prime factors of p.
2, 3, 11
Let t be 16/6 + (-45)/27. List the prime factors of 149/(t - (0 + 0 + 0)).
149
Let s(v) = -27*v + 5. Let c(b) = -18*b + 3. Let w(t) = 7*c(t) - 5*s(t). Let d be w(6). Suppose 0 = 5*m, -j - 2*m + d = j. List the prime factors of j.
5
Let t = -6 + 8. Suppose 3*u + 6 = 0, t*b + 4*u = b + 32. What are the prime factors of b?
2, 5
Let b(f) = 108*f**3 + f**2 + 4*f. What are the prime factors of b(3)?
3, 11, 89
Suppose 3*n + 3*u + 777 = 6*n, 2*u = -3*n + 797. What are the prime factors of n?
263
Suppose 4*p - 3 = -2*y + 13, -3*p + 17 = 4*y. Suppose 3*d - d - 381 = -3*l, l - 131 = -y*d. List the prime factors of l.
5
Let u = -15 - -210. What are the prime factors of u?
3, 5, 13
Suppose -4*z - 8 + 34 = 2*h, 4*h + 20 = z. Let k(n) = 16*n + 7 - z*n - 4*n**2 - 2*n**2 - n**3 + 10. What are the prime factors of k(-7)?
2, 5
Let j(n) = 123*n + 360. List the prime factors of j(7).
3, 11, 37
Let n(l) = 5*l - 8. Let r be n(2). Suppose 97 = r*f - 245. What are the prime factors of f?
3, 19
Suppose 0 = 2*r + 4, -5*k = -3*r + 2*r + 483. Let g = k - -56. Let a = -6 - g. List the prime factors of a.
5, 7
Suppose -5*m + 4 + 1 = 5*p, 7 = 3*p + 5*m. What are the prime factors of 33/((-5)/(-6 - p))?
3, 11
Let c(d) = -20*d**3 - 7*d**2 - 7*d - 28. What are the prime factors of c(-6)?
2, 13, 157
Suppose 454*l - 436*l = 19638. What are the prime factors of l?
1091
Suppose -3*p - 3*c = -7*c + 107, -2*p = -c + 73. Let r be (-3)/(-4) + p/(-4). List the prime factors of 4/r + 216/10.
2, 11
Let m(j) = 5*j + 9.